t 1add2 (base 16) to base 15.
22909
-2264949 (base 10) to base 11
-1307765
Convert -707776 (base 11) to base 4.
-10111233010
Convert -6b50c (base 13) to base 3.
-100222101201
-17005451 (base 10) to base 14
-2389471
What is -615003 (base 7) in base 13?
-38a0c
What is -26523 (base 14) in base 3?
-11210100212
-4355413 (base 8) to base 12
-485237
What is 317a298 (base 11) in base 16?
555348
1c0278 (base 14) to base 3
1212202210122
3742122 (base 8) to base 9
1844368
-122142042 (base 7) to base 9
-15386153
614724 (base 10) to base 5
124132344
What is -1066c8 (base 13) in base 5?
-44320103
31051143 (base 6) to base 8
3320447
What is -110010000110110011001 (base 2) in base 10?
-1641881
-123230121211 (base 4) to base 14
-d6d977
Convert -7bb741 (base 13) to base 11.
-1727918
What is 1010000110100101011110 (base 2) in base 7?
31340216
1442144 (base 5) to base 7
156105
Convert -17352586 (base 9) to base 13.
-1a61999
Convert 1123000221 (base 4) to base 16.
5b029
Convert -132142401 (base 5) to base 16.
-a1ad2
Convert 244211 (base 8) to base 14.
22917
What is 1483a83 (base 11) in base 5?
1122210222
14a495 (base 12) to base 16
55631
Convert -12323010 (base 4) to base 5.
-1401411
Convert -443530 (base 8) to base 16.
-24758
What is 217c42 (base 15) in base 2?
110000101100101110010
Convert -7155a07 (base 11) to base 6.
-1130552355
-2151102 (base 7) to base 9
-442743
6a7712 (base 12) to base 2
110100010010100111110
Convert -1000101000001110 (base 2) to base 14.
-cc46
Convert 2019b (base 16) to base 2.
100000000110011011
Convert 1432424424 (base 5) to base 9.
7124538
What is -1022044132 (base 6) in base 4?
-220331111120
Convert 3134234232 (base 5) to base 12.
2241893
What is 110010011111010101001 (base 2) in base 8?
6237251
What is -217784 (base 12) in base 13?
-157c78
5251244 (base 6) to base 4
332122030
What is -86747 (base 9) in base 12?
-29314
What is 4711972 (base 10) in base 16?
47e624
100100011110001010101101 (base 2) to base 12
3250a11
Convert -11200222010 (base 3) to base 16.
-1698f
What is 541023313 (base 6) in base 12?
3254b39
3629249 (base 10) to base 3
20211101101122
Convert -194859 (base 12) to base 11.
-283303
-5d588 (base 15) to base 12
-124725
1013262 (base 8) to base 13
94c6b
Convert -111000111100100 (base 2) to base 10.
-29156
-3803460 (base 9) to base 10
-2069280
What is -774b64 (base 12) in base 8?
-7166174
434137 (base 14) to base 10
2277765
-1010010010101110100111 (base 2) to base 13
-736151
What is 519aa (base 12) in base 8?
320522
What is -196d17 (base 14) in base 12?
-376409
Convert -536401 (base 7) to base 6.
-2000501
Convert -7166 (base 15) to base 13.
-ab90
What is 89c616 (base 13) in base 2?
1100011010101000000110
2240260 (base 7) to base 13
99ab1
What is 4bd0b (base 15) in base 16?
3b381
-10120112211 (base 3) to base 5
-4223014
What is -4042133 (base 6) in base 3?
-100202210010
Convert -2466004 (base 7) to base 13.
-b2270
What is 43234 (base 14) in base 16?
27a1e
11101001111100101 (base 2) to base 14
3191b
What is 4fce1d (base 16) in base 13?
1111751
Convert -1ba6499 (base 12) to base 8.
-26524465
121201200 (base 3) to base 8
27643
Convert -d1f6 (base 16) to base 15.
-10dd5
Convert c02da (base 16) to base 13.
21739c
13ea29 (base 15) to base 3
1210210221210
34330250 (base 6) to base 13
2ab829
Convert 555f2 (base 16) to base 14.
91614
What is -1110121012200 (base 3) in base 12?
-3170a6
1020001330 (base 4) to base 11
191735
Convert -10101110010000100 (base 2) to base 7.
-521055
-125252052 (base 6) to base 10
-2495264
Convert 33503540 (base 7) to base 9.
5423245
Convert 1662576 (base 14) to base 15.
e72533
Convert 5b5e (base 15) to base 5.
1110224
Convert -414111421 (base 5) to base 8.
-6406147
Convert -9246506 (base 11) to base 8.
-76235000
15445026 (base 7) to base 15
1e68c0
Convert 263 (base 16) to base 7.
1532
10203500 (base 6) to base 12
123590
2c8c (base 15) to base 3
111010220
What is -5344550 (base 6) in base 9?
-440523
Convert -30020300 (base 4) to base 11.
-34393
4326a3 (base 11) to base 10
691628
-3207181 (base 9) to base 8
-6432656
Convert 5b4b07 (base 12) to base 5.
334341014
526b68 (base 15) to base 2
1110111101010000110100
Convert -597b2 (base 14) to base 11.
-13a019
1122210 (base 6) to base 12
29366
112a1 (base 12) to base 5
1212443
Convert 616451 (base 8) to base 5.
23012243
What is -105798 (base 10) in base 7?
-620310
Convert -2033221320 (base 4) to base 11.
-372097
-11000000001111101 (base 2) to base 13
-35a56
Convert -101001111000010000 (base 2) to base 11.
-107972
-fc01f (base 16) to base 7
-11526253
Convert 50365 (base 14) to base 10.
192757
-12c01 (base 15) to base 6
-1142044
What is -2312b9 (base 14) in base 8?
-4434323
What is 4adc0a (base 15) in base 4?
31230202333
What is -36307 (base 12) in base 8?
-216467
1120211211010 (base 3) to base 7
10111443
-82389 (base 14) to base 10
-313525
42527 (base 8) to base 13
8106
-5444346 (base 7) to base 6
-22142130
What is a34b7 (base 12) in base 14?
57a0b
What is 330449 (base 12) in base 4?
3011211321
Convert 604011 (base 7) to base 9.
165200
What is 60006a (base 13) in base 16?
21fe86
2b5064 (base 12) to base 13
1c9402
What is -1280098 (base 10) in base 9?
-2360861
-3276463 (base 8) to base 5
-211242034
What is -955412 (base 12) in base 2?
-1000111110010100001110
56353666 (base 7) to base 13
1021774
What is 253579 (base 11) in base 3?
202022200111
Convert 32726 (base 13) to base 12.
449b8
-30086 (base 16) to base 14
-519b0
161423 (base 9) to base 14
28385
What is 8569455 (base 10) in base 6?
503401223
Convert 444351042 (base 6) to base 4.
132232201202
145b9b0 (base 14) to base 4
211302031312
22211200102112 (base 3) to base 7
54634520
Convert -210002100011 (base 3) to base 4.
-1211111020
-1342120 (base 8) to base 14
-9ba36
-530a2 (base 11) to base 5
-4433220
What is 2513052 (base 8) in base 14?
140bb4
6a610 (base 11) to base 3
12011202211
What is 78e871 (base 15) in base 8?
26005065
Convert -11011002202 (base 3) to base 9.
-134082
-1111010101110111110 (base 2) to base 5
-112041333
Convert 168aba (base 14) to base 15.
109bb6
Convert -11d50 (base 15) to base 4.
-31322220
Convert -524505150 (base 6) to base 2.
-100011000010010101011010
Convert -6187846 (base 9) to base 16.
-3271f8
What is -ef04 (base 16) in base 8?
-167404
Convert -110b642 (base 12) to base 13.
-89c5a6
-2d8c68 (base 16) to base 5
-1231010224
What is -267633 (base 8) in base 9?
-153073
Convert 634322 (base 8) to base 11.
134709
What is 39a999 (base 12) in base 15?
13c043
Convert -141230 (base 12) to base 10.
-333828
Convert 146003 (base 9) to base 8.
257106
What is -12120021102121 (base 3) in base 11?
-174031a
What is -3acc3 (base 13) in base 10?
-109840
Convert -2963a4 (base 11) to base 12.
-1a367a
16530520 (base 7) to base 14
302a10
-93703 (base 16) to base 10
-603907
8982 (base 16) to base 10
35202
1020131 (base 5) to base 2
100001000010100
What is 123102311 (base 4) in base 13?
3bb6a
61202551 (base 8) to base 13
28a1130
What is 1120730 (base 9) in base 14?
11a298
214246 (base 11) to base 12
14615b
-2c34c (base 13) to base 10
-84057
What is 4e57 (base 15) in base 2?
100000101011100
What is -11f1d (base 16) in base 7?
-424201
Convert 121001013 (base 4) to base 6.
2110223
Convert a26055 (base 13) to base 15.
4eaea4
Convert -855d8 (base 14) to base 5.
-40302333
What is 5b3a52 (base 14) in base 2?
1011111010001100101000
94636 (base 11) to base 5
13402413
Convert -598107 (base 10) to base 3.
-1010101110010
771622 (base 8) to base 13
90b42
What is 21204036 (base 7) in base 8?
6673104
-c5077 (base 13) to base 3
-122222100021
-1210020112200 (base 3) to base 2
-11100111110100110010
What is -786775 (base 11) in base 9?
-2320306
21725 (base 12) to base 10
44237
-729219 (base 11) to base 13
-31c05b
Convert 1371830 (base 9) to base 5.
143142134
13c695 (base 13) to base 4
1312101330
-14452 (base 16) to base 6
-1440214
Convert -104160 (base 7) to base 16.
-475e
Convert -35166 (base 16) to base 8.
-650546
What is 25c2a (base 16) in base 12?
7560a
Convert 757934 (base 10) to base 6.
24124542
31240214 (base 7) to base 12
a6ab05
Convert 43402 (base 16) to base 5.
32303313
27c395 (base 14) to base 12
5656a7
-1054037 (base 9) to base 10
-567196
What is a135b2 (base 12) in base 7?
30243431
What is 221111003 (base 4) in base 